67775968 and 476827?
11089
What is the highest common factor of 952 and 14589400?
952
What is the greatest common divisor of 3015586 and 28?
14
Calculate the highest common factor of 56280 and 2015762.
938
Calculate the highest common divisor of 14028 and 5628.
84
Calculate the highest common divisor of 475 and 13212087.
19
Calculate the greatest common divisor of 24 and 3891432.
24
What is the greatest common divisor of 91157 and 4752?
11
Calculate the greatest common factor of 15935550 and 298.
298
What is the highest common factor of 279285231 and 186?
93
What is the greatest common divisor of 95304 and 97185?
627
Calculate the greatest common factor of 147064 and 992.
248
Calculate the greatest common divisor of 68979104 and 32.
32
Calculate the highest common divisor of 143691 and 191361.
681
Calculate the greatest common divisor of 9001 and 491.
1
Calculate the greatest common factor of 88324630 and 2.
2
What is the highest common factor of 1799902 and 361103?
1871
Calculate the highest common factor of 1271769 and 5024343.
5703
What is the greatest common divisor of 5 and 7561555?
5
Calculate the highest common divisor of 1546207 and 75530.
1079
What is the highest common divisor of 137122461 and 126?
63
Calculate the greatest common divisor of 38480 and 50135.
185
Calculate the greatest common divisor of 146 and 47695061.
73
Calculate the highest common factor of 1786 and 1695478.
94
Calculate the greatest common divisor of 36078 and 848442.
42
What is the greatest common divisor of 8 and 193087744?
8
What is the highest common divisor of 13884 and 8321589?
267
Calculate the greatest common factor of 24181455 and 48.
3
Calculate the greatest common factor of 1348712 and 156604.
3196
What is the greatest common divisor of 4997652 and 132?
132
Calculate the greatest common divisor of 1402415 and 115430.
595
Calculate the greatest common divisor of 20 and 91549400.
20
Calculate the greatest common divisor of 42433 and 11.
1
What is the greatest common divisor of 60814496 and 103?
103
Calculate the highest common divisor of 199766 and 133.
133
Calculate the highest common factor of 323854 and 1659800.
386
Calculate the highest common divisor of 24291687 and 357.
21
What is the greatest common divisor of 56892 and 11083596?
5172
Calculate the greatest common divisor of 36886754 and 4782.
1594
Calculate the highest common divisor of 1665728 and 43520.
1088
Calculate the highest common factor of 17 and 2182806511.
17
Calculate the greatest common factor of 1595 and 7173991.
319
What is the greatest common divisor of 10312048 and 1776?
592
What is the greatest common divisor of 22463340 and 120?
60
What is the highest common divisor of 96 and 22286688?
96
Calculate the greatest common factor of 845460 and 6300.
1260
Calculate the highest common factor of 58583 and 833.
7
What is the highest common factor of 240693 and 51?
3
Calculate the highest common factor of 1082185793 and 19.
19
Calculate the highest common factor of 8 and 3757784.
8
What is the highest common factor of 1719 and 281331?
9
Calculate the highest common factor of 13616 and 6824.
8
What is the highest common factor of 2205940 and 22?
22
Calculate the highest common factor of 1669647 and 4137.
21
What is the highest common divisor of 507 and 31588635?
507
What is the greatest common factor of 228982338 and 8892?
4446
What is the highest common divisor of 15550043 and 10849?
571
What is the greatest common divisor of 24868291 and 9487?
179
Calculate the highest common factor of 1411161 and 11937.
519
Calculate the highest common factor of 159406 and 3393.
13
What is the greatest common divisor of 310937123 and 8092?
2023
What is the highest common factor of 13408871 and 3304?
413
Calculate the highest common divisor of 208 and 52308412.
52
Calculate the highest common divisor of 5680 and 23133220.
1420
What is the highest common factor of 11419 and 13013453?
601
What is the greatest common divisor of 72624033 and 3741?
3741
What is the highest common divisor of 155784 and 657?
3
What is the highest common divisor of 882251833 and 2755?
551
Calculate the highest common factor of 4848 and 1112313.
303
What is the highest common factor of 16469056 and 3008?
64
Calculate the highest common factor of 66200099 and 1174.
587
Calculate the highest common factor of 918707 and 4769.
19
Calculate the highest common divisor of 305171 and 2114.
151
What is the greatest common divisor of 4676723 and 3?
1
Calculate the highest common factor of 1983268 and 84.
28
What is the greatest common divisor of 488 and 904136?
8
Calculate the greatest common factor of 23 and 2098613610.
23
What is the highest common factor of 2157 and 15018472?
719
Calculate the greatest common factor of 104572560 and 5520.
240
Calculate the greatest common factor of 388220 and 54040.
140
What is the greatest common factor of 147234 and 12614?
106
What is the highest common factor of 14 and 12589003?
7
What is the highest common factor of 3272667 and 48?
3
Calculate the greatest common factor of 1435002 and 690.
6
Calculate the highest common factor of 120164624 and 699.
233
What is the highest common factor of 825 and 1027889775?
825
Calculate the greatest common factor of 760149 and 49959.
117
Calculate the greatest common divisor of 10991535 and 120.
15
Calculate the greatest common divisor of 5034 and 195185799.
2517
What is the greatest common divisor of 5909 and 1516086?
19
Calculate the greatest common factor of 1553027 and 9233.
7
Calculate the greatest common factor of 11658 and 597573.
201
Calculate the greatest common factor of 6248272 and 138.
46
Calculate the greatest common divisor of 912611 and 15652429.
7669
What is the greatest common divisor of 688 and 16019521?
43
What is the greatest common divisor of 174 and 156024466?
58
Calculate the greatest common divisor of 347 and 17392681.
347
What is the greatest common divisor of 138827 and 472?
59
Calculate the highest common factor of 30617 and 23120.
17
Calculate the highest common factor of 39 and 305201793.
39
Calculate the highest common divisor of 1559 and 26258237.
1559
Calculate the highest common divisor of 8464 and 16000.
16
Calculate the highest common factor of 2155088 and 18512.
208
Calculate the highest common factor of 1465140 and 4870.
10
Calculate the greatest common factor of 16673104 and 224.
112
Calculate the greatest common divisor of 62123 and 8855.
23
What is the greatest common divisor of 204615 and 26325?
45
What is the highest common factor of 602 and 135671192?
86
Calculate the highest common factor of 52 and 1017419.
13
Calculate the highest common factor of 805 and 15378125.
35
What is the highest common divisor of 313052 and 1125191?
1283
What is the greatest common divisor of 482721099 and 294?
147
Calculate the greatest common divisor of 1565054 and 1394.
34
What is the highest common divisor of 1288 and 2580592?
56
What is the highest common factor of 35148 and 3711548?
404
Calculate the greatest common factor of 10923 and 66957.
33
What is the highest common divisor of 110 and 3764376880?
110
Calculate the greatest common factor of 1071425 and 3145.
85
Calculate the greatest common divisor of 11424347 and 4785.
319
Calculate the highest common divisor of 17738 and 417714696.
2534
Calculate the greatest common factor of 8611 and 6152378669.
8611
Calculate the greatest common factor of 49680 and 18512240.
1840
Calculate the greatest common divisor of 5590 and 134246.
86
Calculate the highest common factor of 18525564 and 9436.
1348
What is the highest common factor of 2960 and 55980?
20
What is the greatest common divisor of 42 and 157142818?
14
What is the greatest common factor of 343290 and 174?
6
What is the greatest common divisor of 2940156 and 333?
9
What is the greatest common factor of 40 and 32150760?
40
What is the highest common factor of 12278085 and 75?
15
Calculate the greatest common factor of 685 and 638009.
137
What is the highest common divisor of 4840 and 5850680?
440
What is the greatest common divisor of 17331054 and 741?
39
Calculate the greatest common divisor of 4863 and 98921525.
1621
Calculate the highest common factor of 54798990 and 680.
170
Calculate the highest common divisor of 49951 and 